) + (-3 - 6)?
-14
What is the value of (-5 - (-15 - -4)) + -1 + 5 + 2?
12
What is the value of 8 - (-3 - (0 + -2)) - 26?
-17
Calculate 20 - ((26 - -13) + -18).
-1
Evaluate -10 + (-3 - -25 - (12 + -29)).
29
What is the value of 8 + -3 - (0 - -9)?
-4
What is 1 + (0 - 7) + -4 + 14?
4
Evaluate -2 - (-1 - 0 - (33 + -28)).
4
What is -27 + 1 - (140 - 161)?
-5
Evaluate -4 - (20 - 6 - 16).
-2
Calculate 7 + (4 - (0 - 0)).
11
(-27 - -2) + 10 + (-22 - -16)
-21
(0 - (-5 + 9)) + (16 - 0) - 8
4
What is the value of (19 - (2 - -5)) + -6?
6
-36 + 40 + (-3 - -1 - -3 - -9)
14
What is -2 - (-5 - (-9 - -15))?
9
Calculate -1 + -24 + 16 + 29.
20
Evaluate -10 - (-4 + 10 + -7) - -15.
6
What is the value of 23 + -37 - (-12 + 3)?
-5
31 + -32 + 7 + -7 + -9
-10
(40 - 22 - -1) + 12
31
Evaluate (0 - -11) + (43 - 21 - 47).
-14
14 + 0 - (20 + -3)
-3
What is 1 + (-2 - 0) + (-24 + 27 - -1)?
3
What is -65 - -60 - (-1 + 8)?
-12
Calculate -6 + -31 + 13 + 17.
-7
What is the value of (-1 - (11 - 0)) + -19 + 23?
-8
What is the value of 4 - ((-13 - -5) + 10 - -10) - -16?
8
4 + (-8 - (-7 + 1 - -2)) + 0
0
What is -9 + 9 + 13 - 17 - -28?
24
Evaluate -2 + -3 + 7 + -3 + -3.
-4
Calculate 7 + (16 + -13 - -13) + 1 + -8.
16
What is the value of 65 + -62 + (13 - 2)?
14
Calculate 24 + -11 + 26 - (-12 - -24).
27
What is 11 - (8 + -6 + 7 + -3)?
5
5 - (20 - 14 - (1 + 4)) - 6
-2
What is -4 - (-2 + (-2 - -2))?
-2
What is the value of -48 - -35 - (3 - ((1 - -13) + -3))?
-5
Evaluate 19 + (10 - (-3 + 18)) - 9.
5
Evaluate 0 + (4 - -5) + -3 - (15 - 2).
-7
Calculate 5 + -1 + (-17 + -6 - -9).
-10
What is 11 - (11 - (2 + (13 - 27)))?
-12
What is (-5 - -4) + 0 + 39 + -19?
19
What is -17 + -11 - (-10 + -2)?
-16
What is the value of -9 - 7 - (-1 + -13) - (-19 + 2)?
15
Evaluate -14 - 1 - (-12 + 5) - (3 + -2).
-9
Evaluate 142 + -131 - (19 + -2 + 0).
-6
-15 + (2 - -10) + (-1 + 6 - -1)
3
14 + -19 + 42 + -40
-3
What is the value of -75 - -55 - -5 - (-6 - -1)?
-10
What is the value of 1 + -14 + (6 - -12)?
5
What is the value of 0 + 9 + -53 - -15?
-29
What is the value of 3 - 5 - (-22 + (4 - -3))?
13
What is 91 + -69 + -2 + -5?
15
Calculate 0 + (10 - 3) + -5 + -11 + 8.
-1
19 - 0 - (3 + -5 + 9 + 0)
12
Calculate 19 - (28 + 11) - -15.
-5
Calculate (-5 - -28) + -16 - (3 + -2).
6
Evaluate (-7 - (18 + -19)) + 2 + 0.
-4
What is the value of -2 + 4 + -15 + -1 + 6?
-8
-29 + -18 + 22 + 12
-13
Evaluate -25 - (24 + -22 - ((9 - 4) + -2)).
-24
(12 - -3) + -19 + -4
-8
Evaluate -1 - (-3 - -6) - (-81 + 81).
-4
Evaluate 0 + (6 - (-6 - -5)) + (-4 - -1).
4
Evaluate -5 + (3 - -7) + 5.
10
What is the value of -10 + 1 + (15 - (-17 + 21)) + -18?
-16
Calculate -2 + (12 + (7 - 12) - 18).
-13
Evaluate -1 + (-9 - -4) - (-3 - 9) - 4.
2
Calculate -11 + (-6 - -17 - 8) + (-24 - 0).
-32
Evaluate -3 + -2 - (-39 + 53).
-19
What is -42 - (-31 + -14 + 32 - 3)?
-26
What is the value of 18 + -7 - (-6 + 28)?
-11
Calculate -2 + -2 + (-2 - -3) + 10.
7
Evaluate 4 + (-5 + 7 + -7 - -1) + -9.
-9
What is (-7 + 26 - 14) + -3?
2
Calculate (0 - 4) + (88 - 83) + 0 + 6.
7
(2 - 1) + -262 + 269
8
What is the value of 38 - (33 - (33 - 46))?
-8
Calculate 11 - 0 - (6 + (13 - (-2 - -30))).
20
What is the value of -17 + 10 + (2 - 2) + -4?
-11
What is the value of -13 + (12 - 0 - -8) - 16?
-9
What is (1 - 1 - 10) + (-27 - (-7 - 20))?
-10
What is the value of (-8 + 2 + -4 - -3) + (16 - -1)?
10
Evaluate -7 - 0 - (-11 + (1 - -1) - -4).
-2
Evaluate (13 - 27) + -7 + -5.
-26
What is the value of (10 - 2) + (-12 + 5 - -3) + -17?
-13
-7 - -47 - ((-6 - (-10 + 10)) + 11)
35
(1 - 20) + 5 + 10
-4
What is the value of -13 + (19 - 9) + 16?
13
Calculate 1 + 5 - (-24 + 19).
11
Calculate 0 + -5 + (0 - -27) + 50 + -51.
21
-2 - 4 - (-16 + 11 + -12)
11
-11 - (-45 - -23 - 4)
15
Calculate 11 + 11 + -15 + -11.
-4
Calculate 4 - (1 + (7 - -4)).
-8
What is (-1250 - -1267) + -1 + -16?
0
Calculate 1 - -1 - (525 + -524).
1
What is -3 - (10 - (15 + -13))?
-11
What is -1 + 1 + 4 + (886 - 896)?
-6
What is 20 - (27 - (0 + 2))?
-5
What is the value of 10 + -32 + (16 - -1)?
-5
Calculate (-1 - 29 - (21 + -39)) + 34.
22
What is the value of 64 - 51 - (-4 + 1 - -11)?
5
What is (-15 - -22) + (-10 - 4)?
-7
-1 - (-5 - (8 - (8 + -4)) - 4)
12
Calculate -4 - -1 - -30 - (-9 + 7 - -10).
19
What is the value of 32 + -49 + 13 + 2?
-2
What is the value of -24 - (-2 - (4 + -5 + -5 + 3))?
-25
What is the value of 5 + (16 + -41 - -30)?
10
Calculate -11 + 15 - (-11 + 22).
-7
-1 + 1 - ((-5 - 8) + -8)
21
What is the value of (-1 + -12 - -9 - 0) + -6?
-10
What is -110 + 105 + 0 + 6?
1
What is -3 - ((9 - (8 - 0)) + -6)?
2
Evaluate 2 - -1 - (-45 - -82) - -14.
-20
What is (9 - (-4 + 2) - (29 - 22)) + 3?
7
What is (7 - (11 - 22)) + 3 + -5?
16
What is 108 + -85 + 6 + -7?
22
What is -1 - (6 + 2 + -2) - (-162 - -161)?
-6
Evaluate 2 - (5 + 1 + -3 + 1).
-2
(-1 - 4 - -9) + 0 + 1 - -15
20
Evaluate (-30 + 16 + 8 - 11) + -2.
-19
What is (9 - 0) + 27 + (-7 - 12)?
17
What is (75 - 53) + (2 + 0 - -14)?
38
(-12 - -15) + -39 - -35
-1
What is the value of 63 + -71 + (16 + 3 - -1)?
12
What is the value of 5 - (-34 - -25 - (-21 - -2))?
-5
22 + 15 + -1 + -34
2
Evaluate (1 - -6 - -13) + 1 + 5 + -7.
19
Evaluate (2 + -10 - 9) + 1 + -2.
-18
What is the value of 2 - (6 - 10) - 10?
-4
-30 + -3 + (229 - 223)
-27
What is -3 + (12 + -9 + -5 - (-15 + 3))?
7
Evaluate 10 - (-11 + (8 - 4) + 13).
4
What is -234 - -244 - (10 + -14 - (0 - 47))?
-33
Evaluate 20 - (25 - (-1 - -17)).
11
-3 + (2 - 2) + 10 + (2 - -2)
11
(3 - 11 - (5 + -5 + -5)) + -5
-8
What is the value of 13 - (1 - (-1 + -8) - 12)?
15
Evaluate -1 + 3 + 8 - 1 - (2 - 3).
10
Evaluate (10 - 10) + -5 + 8 + 29 - 3.
29
What is the value of (-10 - -14) + 14 + -8?
10
What is the value of -1 + -1 + ((-4 - -1) + 1 - 20)?
-24
-12 + 14 + (-3 - 5)
-6
-5 + (-5 - (4 + -16)) + -3 - -4
3
Calculate 0 + 1 + -16 + (-23 + 14 - -16).
-8
Calculate 1 + 1 - (7 + (4 - (2 - 5))).
-12
What is the value of -1 - (-10 + 3 + -1 + 9 + -4)?
2
Evaluate (-37 + 39 - (5 + 1)) + 5 + 1.
2
Calculate -17 + 1 + -2 + 3 + -4.
-19
What is the value of (-13 - (-28 + 12) - 9) + 16?
10
Calculate 10 - (-2 + (12 - 10) + 16).
-6
Calculate 23 - (-28 + 35 - (-3 - -1)).
14
What is 17 + -3 + -7 + 3 - 8?
2
What is -2 + 8 - (-13 + 7 + (17 - -34))?
-39
(0 - 1) + (-4 - -6) + 7 + 4
12
(-4 - (3 + -2)) + (-29 - -23)
-11
Calculate -30 + 14 - -6 - -12 - -14.
16
What is -2 + -3 - (-32 - -18)?
9
What is -19 + -32 + 3 + 76?
28
What is the value of -4 + 3 + -1 + -12 + 1 + 13?
0
What is the value of (4 - -12 - 15) + -13 + 4?
-8
Evaluate 5 - (12 - 4 - -4).
-7
12 - (-1 - -21 - -19)
-27
What is the value of (0 + 1 - (0 - 0)) + 1087 + -1075?
13
What is 4 - (21 - 18) - -10?
11
Calculate 11 + -20 + (29 - 8).
12
What is the value of -1 + 17 - (123 + -116)?
9
Evaluate 5 - 2 - (28 + -39).
14
Evaluate (-3 - -9) + -26 + 43 - 17.
6
Evaluate 1 + (7 - 7) + -4 + -5 - 3.
-11
Calculate 20 + (-4 - -15) - 13.
18
18 - (27 + (-4 - 20))
15
What is 14 + -26 + 0 + 230 + -245?
-27
Evaluate -2 + 11 + -7 + (5 - -3).
10
-6 + 15 + (-19 - -11)
1
What is the value of -1 - (5 - (-1 + 14 - (7 - -3)))?
-3
13 - (11 + (-18 + 7 - -1))
12
What is the value of -3 - (-7 - ((-8 - (3 - -3)) + 3))?
-7
(-2 - -3 - -3) + 10 + 3 + -25
-8
What is the value of 18 + 5 + -19 + 4 + -7?
1
Evaluate 11 - (4 + 15) - (-8 + 0) - -7.
7
What is -853 - -846 - (1 + (1 - (2 - 4)))?
-11
15 + -1 + (11 - 23 - (-2 + -5))
9
Calculate 5 + -20 + (-1 - -1 - (6 + -6)).
-15
Evaluate -36 + 10 + 8 + 3 + -21.
-36
7 + -3 - 4 - (-8 + 4) - -3
7
-10 + 44 + (-28 - -3)
9
(2 - 7) + 18 + (-1 + -1 - 0)
11
Evaluate 1 + -34 + 0 + 14 + -3.
-22
-35 + 45 + (0 + -2 - 10)
-2
What is 17 + -2 + -18 - (0 - -18 - 4)?
-17
What is 1 + 1 + -7 - (-13 + 9)?
-1
Evaluate 9 + (-14 + 17 - 12 - -1).
1
What is -5 - -3 - (18 - 2 - 24)?
6
(7 + -1 - -2) + (-9 - -1) + 1
1
What is (0 + (2 - 0) - 2) + 7 - 22?
-15
Evaluate -2 + 4 - (-4 + (7 - (6 - 1))).
4
5 + (0 + 1 - 19 - (-195 + 193))
-11
Evaluate (23 + -5 - -5) + -38 + 39.
24
What is 1 + 11 + -7 + -18?
-13
What is (36 - 40) + (-1 - -5) + -2 + -5?
-7
What is the value of -3 - (0 + (-5 - -35) + -4 - 10)?
-19
Calculate -8 + (-13 - (4 - (22 + -10))).
-13
6 - (36 + 7 + -23)
-14
Calculate -6 + 2 + 1 + 4 + (9 - 9).
1
What is the value of (20 + 4 - 12) + -17?
-5
What is the value of -30 - (-24 - -3) - (-1 - -5)?
-13
What is the value of 